on factor of 6088 and 1011369?
761
What is the greatest common divisor of 156680 and 40?
40
What is the highest common divisor of 1034553 and 12940?
647
Calculate the greatest common factor of 70362 and 216.
54
Calculate the greatest common factor of 419 and 920543.
419
What is the greatest common factor of 10 and 58690?
10
What is the greatest common factor of 7967 and 2313?
257
Calculate the greatest common factor of 2001 and 7656.
87
What is the greatest common divisor of 233 and 20?
1
Calculate the highest common factor of 2241889 and 403.
403
What is the highest common factor of 11 and 76637?
11
What is the greatest common factor of 158 and 114313?
79
What is the highest common divisor of 8151 and 231?
33
What is the highest common factor of 82 and 303810?
82
What is the highest common divisor of 49 and 24409?
7
Calculate the greatest common divisor of 1232 and 2128.
112
Calculate the highest common divisor of 45046 and 2424.
202
What is the greatest common divisor of 45 and 905805?
45
Calculate the greatest common factor of 3099 and 207.
3
What is the highest common factor of 2272 and 36?
4
What is the highest common factor of 10438 and 578?
34
Calculate the greatest common divisor of 2547270 and 110.
110
Calculate the highest common divisor of 2193 and 33024.
129
What is the greatest common factor of 44815 and 20?
5
What is the greatest common divisor of 37092 and 96?
12
Calculate the highest common divisor of 1254264 and 792.
264
What is the greatest common factor of 1388730 and 35?
35
Calculate the greatest common factor of 304138 and 246.
82
Calculate the greatest common factor of 34 and 160922.
34
What is the greatest common divisor of 104324 and 66?
22
What is the highest common divisor of 28815 and 678?
339
Calculate the highest common factor of 7020 and 918.
54
Calculate the greatest common divisor of 14705 and 255.
85
What is the highest common divisor of 32399 and 1991?
181
Calculate the greatest common factor of 7471 and 713.
31
Calculate the highest common divisor of 38129 and 169.
13
What is the greatest common divisor of 11403396 and 68?
68
Calculate the greatest common factor of 616 and 5984.
88
Calculate the highest common factor of 406 and 104342.
406
What is the highest common divisor of 74930 and 1778?
254
What is the greatest common factor of 139 and 806339?
139
Calculate the highest common factor of 18 and 18180.
18
What is the highest common factor of 1053 and 166842?
117
Calculate the highest common divisor of 45228 and 60.
12
Calculate the greatest common factor of 968464 and 392.
56
Calculate the greatest common divisor of 482549 and 47.
47
Calculate the highest common factor of 304 and 165965.
19
What is the greatest common factor of 1615 and 475?
95
Calculate the greatest common divisor of 8 and 381896.
8
What is the greatest common factor of 13356 and 546?
42
What is the greatest common factor of 1520 and 2320?
80
What is the greatest common factor of 306 and 1566?
18
What is the greatest common divisor of 469568 and 46?
46
Calculate the highest common divisor of 690 and 13662.
138
Calculate the highest common divisor of 1960241 and 43.
43
Calculate the greatest common factor of 112 and 217371.
7
Calculate the highest common factor of 3652 and 74668.
44
What is the highest common factor of 63862 and 148?
74
What is the greatest common factor of 2589721 and 107?
107
What is the greatest common factor of 162841 and 301?
301
What is the highest common factor of 10094 and 16954?
98
Calculate the highest common divisor of 5600 and 2176.
32
What is the highest common divisor of 151968 and 224?
32
Calculate the highest common factor of 2191 and 9703.
313
Calculate the greatest common divisor of 91675 and 19.
19
Calculate the greatest common divisor of 132668 and 68.
68
Calculate the highest common factor of 417105 and 135.
45
What is the greatest common factor of 8502 and 24198?
654
Calculate the highest common divisor of 2662 and 6534.
242
Calculate the highest common divisor of 3286 and 8162.
106
What is the highest common factor of 285 and 356364?
57
What is the greatest common factor of 1394 and 1972?
34
What is the greatest common factor of 1463 and 1216?
19
Calculate the greatest common divisor of 1722 and 15375.
123
What is the greatest common divisor of 120376 and 13366?
82
Calculate the highest common factor of 5607 and 693.
63
Calculate the highest common divisor of 306 and 30456.
18
What is the greatest common divisor of 984507 and 1605?
321
What is the highest common divisor of 1470 and 85470?
210
What is the highest common factor of 132964 and 208?
52
What is the greatest common factor of 90817 and 7837?
461
What is the highest common divisor of 152 and 45784?
8
What is the highest common divisor of 20355 and 4416?
69
What is the greatest common divisor of 442 and 32572?
34
What is the highest common divisor of 1892 and 604494?
946
Calculate the greatest common divisor of 1170 and 24930.
90
What is the highest common factor of 33 and 1111165?
11
Calculate the greatest common factor of 63109 and 223.
223
Calculate the highest common factor of 234150 and 35.
35
What is the greatest common divisor of 4 and 149072?
4
What is the greatest common divisor of 100 and 2228?
4
Calculate the greatest common factor of 5476 and 518.
74
What is the greatest common factor of 646674 and 267?
267
What is the highest common divisor of 1127 and 897?
23
What is the highest common divisor of 10 and 6508270?
10
What is the highest common factor of 2580 and 570?
30
What is the greatest common divisor of 140 and 422345?
35
What is the greatest common factor of 38695 and 131890?
545
Calculate the greatest common divisor of 54864 and 81.
27
Calculate the highest common divisor of 10 and 1516.
2
What is the highest common divisor of 851632 and 5270?
1054
Calculate the greatest common factor of 497 and 10579.
71
What is the greatest common factor of 24 and 496761?
3
What is the greatest common factor of 774301 and 946?
473
What is the highest common factor of 14027 and 441311?
1079
Calculate the greatest common factor of 336 and 847812.
84
Calculate the greatest common factor of 16014 and 306.
102
What is the highest common factor of 15085626 and 87?
87
Calculate the greatest common divisor of 111 and 1219557.
111
Calculate the highest common divisor of 132 and 24519.
33
What is the highest common factor of 8603 and 28?
7
What is the greatest common factor of 12528 and 4582?
58
Calculate the highest common divisor of 4811 and 78391.
283
Calculate the highest common divisor of 1003 and 121652.
17
What is the greatest common factor of 10013 and 217?
31
What is the highest common factor of 2388 and 300?
12
Calculate the greatest common factor of 22688 and 91461.
709
Calculate the greatest common factor of 9718 and 63958.
226
What is the highest common factor of 469 and 31691?
67
What is the highest common divisor of 14130 and 6390?
90
What is the highest common factor of 369 and 116645?
41
Calculate the highest common factor of 1587 and 51.
3
What is the highest common factor of 1508 and 403?
13
What is the greatest common factor of 18538 and 78?
26
Calculate the greatest common factor of 257635 and 952.
119
Calculate the highest common divisor of 871 and 3471.
13
What is the highest common divisor of 410 and 122030?
10
Calculate the greatest common divisor of 1573 and 20.
1
Calculate the greatest common factor of 4740 and 640.
20
Calculate the highest common factor of 320716 and 444.
148
Calculate the highest common divisor of 35640 and 14080.
440
Calculate the greatest common factor of 171 and 3534.
57
What is the highest common factor of 42976 and 11218?
158
What is the greatest common factor of 73 and 293533?
73
What is the highest common divisor of 1451 and 3183494?
1451
Calculate the highest common factor of 221704 and 592.
296
Calculate the highest common factor of 5565 and 41923.
371
What is the greatest common factor of 37089 and 585?
117
What is the greatest common factor of 372675 and 375?
75
What is the greatest common divisor of 37712 and 32?
16
Calculate the highest common factor of 45963 and 2430.
9
What is the greatest common factor of 1144 and 43208?
88
Calculate the greatest common factor of 28270 and 330.
110
C